{"id":74,"date":"2011-06-09T17:06:36","date_gmt":"2011-06-09T15:06:36","guid":{"rendered":"http:\/\/timehealsnothing.de\/blog\/?page_id=74"},"modified":"2013-06-19T10:16:00","modified_gmt":"2013-06-19T08:16:00","slug":"stage-2-adria-villach","status":"publish","type":"page","link":"http:\/\/www.timehealsnothing.de\/blog\/sb-villach-adria-sb\/stage-2-adria-villach\/","title":{"rendered":"Stage 02 Adria Villach"},"content":{"rendered":"<p>Von der Adria durch Slowenien zur\u00fcck nach \u00d6sterreich.<\/p>\n<p><a href=\"http:\/\/timehealsnothing.de\/openfiles\/SB-Adria\/Stage-2-Adria-Villach.zip\">.itn Datei f\u00fcr TomTom als Anhang Part 2<\/a><\/p>\n<p><iframe src=\"http:\/\/maps.google.de\/maps?f=d&amp;source=s_d&amp;saddr=Strada+per+Lazzaretto%2FSP14&amp;daddr=45.6461311,13.7604738+to:45.8323869,13.5692998+to:45.8718172,13.5902878+to:Route+902+to:46.50441,13.5930392+to:46.49735,13.70134+to:Ostriach%2FL49&amp;hl=de&amp;geocode=FdDitwIdplvRAA%3BFTOBuAId2ffRACnfP_hEeGt7RzHBb1gGhwkHEw%3BFcJYuwIdEw3PACkh6chnUAh7RzHRTZMFhwkHEw%3BFcnyuwIdD1_PACkFqUtOzwd7RzEQK5o1HPgAEw%3BFYamxAIdVizQAA%3BFdqZxQIdz2nPACnniiAStHF6RzFBV7oShwkHEw%3BFUZ-xQId3BDRACmNjc9Z_Xp6RzEhM9AShwkHEw%3BFXX3xwIdohPVAA&amp;mra=dpe&amp;mrsp=6&amp;sz=13&amp;via=1,2,3,5,6&amp;dirflg=h&amp;sll=46.50879,13.709049&amp;sspn=0.090499,0.154324&amp;ie=UTF8&amp;ll=46.50879,13.709049&amp;spn=0.090499,0.154324&amp;t=h&amp;output=embed\" height=\"350\" width=\"425\" frameborder=\"0\" marginwidth=\"0\" marginheight=\"0\" scrolling=\"no\"><\/iframe><br \/>\n<small><a style=\"color: #0000ff; text-align: left;\" href=\"http:\/\/maps.google.de\/maps?f=d&amp;source=embed&amp;saddr=Strada+per+Lazzaretto%2FSP14&amp;daddr=45.6461311,13.7604738+to:45.8323869,13.5692998+to:45.8718172,13.5902878+to:Route+902+to:46.50441,13.5930392+to:46.49735,13.70134+to:Ostriach%2FL49&amp;hl=de&amp;geocode=FdDitwIdplvRAA%3BFTOBuAId2ffRACnfP_hEeGt7RzHBb1gGhwkHEw%3BFcJYuwIdEw3PACkh6chnUAh7RzHRTZMFhwkHEw%3BFcnyuwIdD1_PACkFqUtOzwd7RzEQK5o1HPgAEw%3BFYamxAIdVizQAA%3BFdqZxQIdz2nPACnniiAStHF6RzFBV7oShwkHEw%3BFUZ-xQId3BDRACmNjc9Z_Xp6RzEhM9AShwkHEw%3BFXX3xwIdohPVAA&amp;mra=dpe&amp;mrsp=6&amp;sz=13&amp;via=1,2,3,5,6&amp;dirflg=h&amp;sll=46.50879,13.709049&amp;sspn=0.090499,0.154324&amp;ie=UTF8&amp;ll=46.50879,13.709049&amp;spn=0.090499,0.154324&amp;t=h\">Gr\u00f6\u00dfere Kartenansicht<\/a><\/small><\/p>\n<p>Day two,<\/p>\n<p>Fr\u00fchst\u00fcck auf der Terasse am Meer. Gibt schlechteres als von heissen Italienerinnen Croissants, Nutella und Kaffee zu bekommen. Es ist warm, morgens um 9 Uhr. Die Sonne knallt, keine Wolke in Sicht. Ok also zur\u00fcck nach Villach, diesmal nicht das Vrsic Debakel, auf zur Mangart Strasse. Die war leider gesperrt, (warum auch immer) aber dieser andere Pass lies sich sehr angenehm fahren. Die Fahrt durch das Socatal ist ein Traum, geschmeidig, locker, flott und die Berge sehen einfach grandios aus. Die Sonne spielt auch mit, die Speedtriple schreit vor Freude.<\/p>\n<p>Nach einer guten, schnellen Kurfe, ne rot blinkende Bullenkelle. Scharf gebremst, warum stehn die auch so bl\u00f6d da rum? Motor aus, Sonnenvisier rauf&#8230; &#8222;Driverlicense, Passport&#8220;, aber hum, momentemal. Hohe Wangenknochen, slawischer Einschlag in den Genen,blaue Augen, ne h\u00fcbsche slowenische, waffentragende Bullitesse.<\/p>\n<p>Sie: You are driving over speed.<br \/>\nIch: oh, \u00e4hm, really? My fault&#8230; Augenklimper, freundlich l\u00e4cheln, betroffen kucken.<br \/>\nSie: dont do that again, its dangerous.<br \/>\nich: never again, i swear. (klar ich trink auch nie wieder Alkohol)<br \/>\nGesagt tun getan, Motor an, ein bezauberndes L\u00e4cheln geerntet und die 140 PS so mal richtig getreten.<\/p>\n<p>Hab ich schon gesagt das man in Slowenien billig tanken kann? Kurzer Abstecher nach Italien und schon wieder im Schluchtenscheisserland. Die ganze Strecke um den See ist wegen nen d\u00e4mlichen &#8222;deppen Familie f\u00e4hrt mit scheiss R\u00e4dern um den kack See&#8220; gesperrt. Ok, dann kein Hotel am See.<\/p>\n<p>Also weiter Richtung Nockalmstrasse. Der Arsch tut zwar schon weh,aber es is ja noch fr\u00fch am Tag. Die Anfahrt ist schon sch\u00f6n, die Turracher H\u00f6he mehr eine verkappte Rennstrecke denn Pass. Das Mond\u00e4ne Skidorf eine Geisterstadt, also Vollgas und durch. Nockalm wird nix mehr weil ab 18 Uhr f\u0171r Moppeds gesperrt.<\/p>\n<p>Also ein kurzer Ritt zur\u00fcck, das Gasthaus Lax geentert, Biergartenwertung 5 Sterne, ein helles Hefe eingebaut und freundlich nach einer Pension gefragt. Wirt ruft an, kl\u00e4rt das ab, zeigt mir den Weg und hier bin ich. Eigener Balkon, Talblick rechts, Berge links. 30 Euro mit Fr\u00fchst\u00fcck. Gekauft. Im Lax das beste Gulasch und den besten Obstler der Welt, wenn nicht ganz K\u00e4rntens, genossen, noch 3 helle Hefe drauf und ich bin im verschissen, geilsten Himmel.<\/p>\n<p>Aha, Stufe 1 auf dem Weg zur Suche nach dem tiefsten Punkt des Wassers erreicht, Prost<\/p>\n<p><a title=\"Stage 03 Villach Turracher H\u00f6he Nockalmstrasse Malta Hochalmstrasse\" href=\"http:\/\/timehealsnothing.de\/blog\/?page_id=78\">Goto Stage 3<\/a><\/p>\n<div class=\"sharedaddy sd-sharing-enabled\"><div class=\"robots-nocontent sd-block sd-social sd-social-icon-text sd-sharing\"><h3 class=\"sd-title\">Teilen mit:<\/h3><div class=\"sd-content\"><ul><li class=\"share-facebook\"><a rel=\"nofollow noopener noreferrer\" data-shared=\"sharing-facebook-74\" class=\"share-facebook sd-button share-icon\" href=\"http:\/\/www.timehealsnothing.de\/blog\/sb-villach-adria-sb\/stage-2-adria-villach\/?share=facebook\" target=\"_blank\" title=\"Klick, um auf Facebook zu teilen\"><span>Facebook<\/span><\/a><\/li><li class=\"share-twitter\"><a rel=\"nofollow noopener noreferrer\" data-shared=\"sharing-twitter-74\" class=\"share-twitter sd-button share-icon\" href=\"http:\/\/www.timehealsnothing.de\/blog\/sb-villach-adria-sb\/stage-2-adria-villach\/?share=twitter\" target=\"_blank\" title=\"Klick, um \u00fcber Twitter zu teilen\"><span>Twitter<\/span><\/a><\/li><li><a href=\"#\" class=\"sharing-anchor sd-button share-more\"><span>Mehr<\/span><\/a><\/li><li class=\"share-end\"><\/li><\/ul><div class=\"sharing-hidden\"><div class=\"inner\" style=\"display: none;\"><ul><li class=\"share-print\"><a rel=\"nofollow noopener noreferrer\" data-shared=\"\" class=\"share-print sd-button share-icon\" href=\"http:\/\/www.timehealsnothing.de\/blog\/sb-villach-adria-sb\/stage-2-adria-villach\/\" target=\"_blank\" title=\"Klicken zum Ausdrucken\"><span>Drucken<\/span><\/a><\/li><li class=\"share-pinterest\"><a rel=\"nofollow noopener noreferrer\" data-shared=\"sharing-pinterest-74\" class=\"share-pinterest sd-button share-icon\" href=\"http:\/\/www.timehealsnothing.de\/blog\/sb-villach-adria-sb\/stage-2-adria-villach\/?share=pinterest\" target=\"_blank\" title=\"Klick, um auf Pinterest zu teilen\"><span>Pinterest<\/span><\/a><\/li><li class=\"share-end\"><\/li><li class=\"share-end\"><\/li><\/ul><\/div><\/div><\/div><\/div><\/div>","protected":false},"excerpt":{"rendered":"<p>Von der Adria durch Slowenien zur\u00fcck nach \u00d6sterreich. .itn Datei f\u00fcr TomTom als Anhang Part 2 Gr\u00f6\u00dfere Kartenansicht Day two, Fr\u00fchst\u00fcck auf der Terasse am Meer. Gibt schlechteres als von heissen Italienerinnen Croissants, Nutella und Kaffee zu bekommen. Es ist &hellip; <a href=\"http:\/\/www.timehealsnothing.de\/blog\/sb-villach-adria-sb\/stage-2-adria-villach\/\">Weiterlesen <span class=\"meta-nav\">&rarr;<\/span><\/a><\/p>\n<div class=\"sharedaddy sd-sharing-enabled\"><div class=\"robots-nocontent sd-block sd-social sd-social-icon-text sd-sharing\"><h3 class=\"sd-title\">Teilen mit:<\/h3><div class=\"sd-content\"><ul><li class=\"share-facebook\"><a rel=\"nofollow noopener noreferrer\" data-shared=\"sharing-facebook-74\" class=\"share-facebook sd-button share-icon\" href=\"http:\/\/www.timehealsnothing.de\/blog\/sb-villach-adria-sb\/stage-2-adria-villach\/?share=facebook\" target=\"_blank\" title=\"Klick, um auf Facebook zu teilen\"><span>Facebook<\/span><\/a><\/li><li class=\"share-twitter\"><a rel=\"nofollow noopener noreferrer\" data-shared=\"sharing-twitter-74\" class=\"share-twitter sd-button share-icon\" href=\"http:\/\/www.timehealsnothing.de\/blog\/sb-villach-adria-sb\/stage-2-adria-villach\/?share=twitter\" target=\"_blank\" title=\"Klick, um \u00fcber Twitter zu teilen\"><span>Twitter<\/span><\/a><\/li><li><a href=\"#\" class=\"sharing-anchor sd-button share-more\"><span>Mehr<\/span><\/a><\/li><li class=\"share-end\"><\/li><\/ul><div class=\"sharing-hidden\"><div class=\"inner\" style=\"display: none;\"><ul><li class=\"share-print\"><a rel=\"nofollow noopener noreferrer\" data-shared=\"\" class=\"share-print sd-button share-icon\" href=\"http:\/\/www.timehealsnothing.de\/blog\/sb-villach-adria-sb\/stage-2-adria-villach\/\" target=\"_blank\" title=\"Klicken zum Ausdrucken\"><span>Drucken<\/span><\/a><\/li><li class=\"share-pinterest\"><a rel=\"nofollow noopener noreferrer\" data-shared=\"sharing-pinterest-74\" class=\"share-pinterest sd-button share-icon\" href=\"http:\/\/www.timehealsnothing.de\/blog\/sb-villach-adria-sb\/stage-2-adria-villach\/?share=pinterest\" target=\"_blank\" title=\"Klick, um auf Pinterest zu teilen\"><span>Pinterest<\/span><\/a><\/li><li class=\"share-end\"><\/li><li class=\"share-end\"><\/li><\/ul><\/div><\/div><\/div><\/div><\/div>","protected":false},"author":1,"featured_media":0,"parent":25,"menu_order":0,"comment_status":"closed","ping_status":"closed","template":"","meta":{"ngg_post_thumbnail":0,"spay_email":""},"jetpack_shortlink":"https:\/\/wp.me\/P1CXhb-1c","jetpack_sharing_enabled":true,"jetpack_likes_enabled":true,"_links":{"self":[{"href":"http:\/\/www.timehealsnothing.de\/blog\/wp-json\/wp\/v2\/pages\/74"}],"collection":[{"href":"http:\/\/www.timehealsnothing.de\/blog\/wp-json\/wp\/v2\/pages"}],"about":[{"href":"http:\/\/www.timehealsnothing.de\/blog\/wp-json\/wp\/v2\/types\/page"}],"author":[{"embeddable":true,"href":"http:\/\/www.timehealsnothing.de\/blog\/wp-json\/wp\/v2\/users\/1"}],"replies":[{"embeddable":true,"href":"http:\/\/www.timehealsnothing.de\/blog\/wp-json\/wp\/v2\/comments?post=74"}],"version-history":[{"count":5,"href":"http:\/\/www.timehealsnothing.de\/blog\/wp-json\/wp\/v2\/pages\/74\/revisions"}],"predecessor-version":[{"id":76,"href":"http:\/\/www.timehealsnothing.de\/blog\/wp-json\/wp\/v2\/pages\/74\/revisions\/76"}],"up":[{"embeddable":true,"href":"http:\/\/www.timehealsnothing.de\/blog\/wp-json\/wp\/v2\/pages\/25"}],"wp:attachment":[{"href":"http:\/\/www.timehealsnothing.de\/blog\/wp-json\/wp\/v2\/media?parent=74"}],"curies":[{"name":"wp","href":"https:\/\/api.w.org\/{rel}","templated":true}]}}