{"id":398,"date":"2013-07-19T10:38:59","date_gmt":"2013-07-19T08:38:59","guid":{"rendered":"http:\/\/www.timehealsnothing.de\/blog\/?page_id=398"},"modified":"2013-08-25T14:11:28","modified_gmt":"2013-08-25T12:11:28","slug":"tag-4-theoretisch-cap-corse","status":"publish","type":"page","link":"http:\/\/www.timehealsnothing.de\/blog\/korsika-2013\/tag-4-theoretisch-cap-corse\/","title":{"rendered":"Tag 4 theoretisch Cap Corse"},"content":{"rendered":"<p>18.05.2013<\/p>\n<p>theoretisch Stage 4 Cap Corse<\/p>\n<div id=\"attachment_401\" style=\"width: 650px\" class=\"wp-caption aligncenter\"><a href=\"https:\/\/i1.wp.com\/www.timehealsnothing.de\/blog\/wp-content\/uploads\/20130517_161415.jpg\"><img aria-describedby=\"caption-attachment-401\" data-attachment-id=\"401\" data-permalink=\"http:\/\/www.timehealsnothing.de\/blog\/korsika-2013\/tag-4-theoretisch-cap-corse\/20130517_161415\/\" data-orig-file=\"https:\/\/i0.wp.com\/www.timehealsnothing.de\/blog\/wp-content\/uploads\/20130517_161415-e1379149204419.jpg?fit=800%2C600\" data-orig-size=\"800,600\" data-comments-opened=\"1\" data-image-meta=\"{&quot;aperture&quot;:&quot;2.6&quot;,&quot;credit&quot;:&quot;&quot;,&quot;camera&quot;:&quot;GT-I9300&quot;,&quot;caption&quot;:&quot;&quot;,&quot;created_timestamp&quot;:&quot;1368807255&quot;,&quot;copyright&quot;:&quot;&quot;,&quot;focal_length&quot;:&quot;3.7&quot;,&quot;iso&quot;:&quot;80&quot;,&quot;shutter_speed&quot;:&quot;0.000262054507338&quot;,&quot;title&quot;:&quot;&quot;}\" data-image-title=\"Korsika, Motorradtour\" data-image-description=\"\" data-medium-file=\"https:\/\/i0.wp.com\/www.timehealsnothing.de\/blog\/wp-content\/uploads\/20130517_161415-e1379149204419.jpg?fit=300%2C225\" data-large-file=\"https:\/\/i0.wp.com\/www.timehealsnothing.de\/blog\/wp-content\/uploads\/20130517_161415-e1379149204419.jpg?fit=640%2C480\" loading=\"lazy\" class=\"size-large wp-image-401\" alt=\"Korsika, Motorradtour, Motorradreise\" src=\"https:\/\/i1.wp.com\/www.timehealsnothing.de\/blog\/wp-content\/uploads\/20130517_161415.jpg?resize=640%2C480\" width=\"640\" height=\"480\" data-recalc-dims=\"1\" \/><\/a><p id=\"caption-attachment-401\" class=\"wp-caption-text\">leichte Bew\u00f6lkung in Korsika&#8230;<\/p><\/div>\n<p>Tag 4 fing an mit blauem Himmel und der Aussicht Cap Corse zu erfahren(welch Wortspiel, welch geschriebenes Bonmot). Um 08:00 Uhr auf der Terrasse gehockt und in blendenden Sonnenschein ein Fr\u00fchst\u00fcck eingebaut, Sommersonne und Sonnenw\u00e4rme genossen. Keine Stunde sp\u00e4ter hat es angefangen sich zuzuziehen und daraus resultierend zu regnen, um nicht zu sagen zu pissen wie sau. Hmm, kenn ich irgendwoher. Also flott die Tasche auf die Mopete gesattelt und die Sonderpr\u00fcfungsstrecke &#8222;Zeitfahren&#8220; zum Supermarkt eingeschlagen. Gerade noch so im beginnenden Niesel geschafft einkaufen zu gehen:<\/p>\n<ul>\n<li>\n<div id=\"attachment_406\" style=\"width: 310px\" class=\"wp-caption alignright\"><a href=\"https:\/\/i0.wp.com\/www.timehealsnothing.de\/blog\/wp-content\/uploads\/20130523_182429.jpg\"><img aria-describedby=\"caption-attachment-406\" data-attachment-id=\"406\" data-permalink=\"http:\/\/www.timehealsnothing.de\/blog\/korsika-2013\/tag-4-theoretisch-cap-corse\/20130523_182429\/\" data-orig-file=\"https:\/\/i2.wp.com\/www.timehealsnothing.de\/blog\/wp-content\/uploads\/20130523_182429-e1379149231418.jpg?fit=800%2C600\" data-orig-size=\"800,600\" data-comments-opened=\"1\" data-image-meta=\"{&quot;aperture&quot;:&quot;2.6&quot;,&quot;credit&quot;:&quot;&quot;,&quot;camera&quot;:&quot;GT-I9300&quot;,&quot;caption&quot;:&quot;&quot;,&quot;created_timestamp&quot;:&quot;1369333468&quot;,&quot;copyright&quot;:&quot;&quot;,&quot;focal_length&quot;:&quot;3.7&quot;,&quot;iso&quot;:&quot;80&quot;,&quot;shutter_speed&quot;:&quot;0.00316455696203&quot;,&quot;title&quot;:&quot;&quot;}\" data-image-title=\"Korsika Bier\" data-image-description=\"\" data-medium-file=\"https:\/\/i2.wp.com\/www.timehealsnothing.de\/blog\/wp-content\/uploads\/20130523_182429-e1379149231418.jpg?fit=300%2C225\" data-large-file=\"https:\/\/i2.wp.com\/www.timehealsnothing.de\/blog\/wp-content\/uploads\/20130523_182429-e1379149231418.jpg?fit=640%2C480\" loading=\"lazy\" class=\"size-medium wp-image-406\" alt=\"Motorradurlaub, Motorradreise Korsika, Kastanienbier\" src=\"https:\/\/i0.wp.com\/www.timehealsnothing.de\/blog\/wp-content\/uploads\/20130523_182429.jpg?resize=300%2C225\" width=\"300\" height=\"225\" data-recalc-dims=\"1\" \/><\/a><p id=\"caption-attachment-406\" class=\"wp-caption-text\">Kastanienbier, echt lecker Junge. Echt jetzt.<\/p><\/div>\n<p>korsisches Bier<\/li>\n<li>korsisches Bier, mit Kr\u00e4uteraroma von der gr\u00fcnen Scheisse die hier so w\u00e4chst<\/li>\n<li>korsisches Bier, in rot das nach keine Ahnung schmeckt, aber dabei lecker ist<\/li>\n<li>korsisches Bier, in hell mit irgendwas was aber auch gut schmeckt<\/li>\n<li>korsisches Bier, Kastanienbier was nach durchschnittlichem Bier mit nem leichten Kastanienbackgroundgeschmack schmecken tut.<\/li>\n<li>Brot<\/li>\n<\/ul>\n<p>Da ja nur franz\u00f6sisches Fernsehen gestern zu finden war, 52 Kan\u00e4le rein franz\u00f6sischsprachige Unterhaltung, war das nat\u00fcrlich auch nicht gerade so die Ablenkung einen wundersch\u00f6nen, verregneten Tag zu vers\u00fcssen. Rausgehen war keine trockene Option und vom fahren im Regen war mein Bedarf seit einigen Tagen gedeckt bis \u00fcberf\u00fcllt&#8230;<\/p>\n<p>Option 1 w\u00e4re gewesen, im unl\u00f6blichen Smartphone etwas Science Fiction zu lesen, was mit dem Unterhaltungsparameter &#8222;Saufen im Urlaub am Mittag&#8220; nicht zu 100% seinen Spassfaktor erf\u00fcllt h\u00e4tte. Also sich dem renitenten Fernsehen zugewandt und in seinen Eingeweiden rumgepfuscht.<\/p>\n<p>Eingriff A: alles was auf Deutsch zu stellen war auf Deutsch gestellt. Spracheinstellungen,\u00a0 L\u00e4ndereinstellungen&#8230; und siehe da, <em>Arte HD<\/em> geht dann doch auf deutsch. Also kein Eingriff B mehr notwendig, <em>Arte<\/em> angeschmissen, die Verkostung des landestypischen Bieres gestartet&#8230; Und was lief den ganzen Tag in dem freundlichen, Deutsch\/ Franz\u00f6sischen Sender? <a href=\"http:\/\/www.arte.tv\/guide\/de\/044842-001\/korsika-wilde-schoenheit-1-5\" target=\"_blank\">Dokumentationen \u00fcber&#8230; richtig&#8230; Korsika<\/a>. hr hr hr. 5 Folgen a 45 min um sich in den sch\u00f6nsten Bildern alles \u00fcber Korsika anzuschauen, also wenn das keine F\u00fcgung war einen kleinen Bildungstag einzulegen, dazu Bier zu trinken, nicht die Pilot Road 3 abzunutzen, den Urlaub und mich als den <em>Ruhe Pohl<\/em> (Achtung Insider) zu begreifen, weiss ich es auch nicht. Jetzt ist es Abend und das Bier ist auch alle. Alles \u00fcber Flora, Fauna, Wanderwege, Berge, Menschen, Wasser und Luft in Korsika in HD (was nach dem 4ten landestypischen Bier gar nicht mehr so heftig HD war, seltsamerweise) gesehen und gelernt.<\/p>\n<p>Juhuuuuu, ich muss gar nicht mehr \u00fcberall anhalten und Land und Menschen kennenlernen, \u00f6kologisch, vertr\u00e4glich, nachhaltig und klimaschonend sein (oder wie das sonst alle so machen, einfach den Anschein erwecken und auf alles einen grossen Haufen Exkremente drauf geben). Ich bin es schon, Kultur im Crashkurs. Meine Absolution, mein Generalablass <i>(satisfactio operis)<\/i>, ich darf. Der Racetrack f\u00e4ngt vor der Haust\u00fcr an, Autos sind von dem grossen Rennveranstalter als bewegliche Schikane eingebaut, Verkehrsschilder sind als landschaftlich, urbaner Unsinn anzusehen. Oder wie es die beiden Strassenphilosofen <a href=\"http:\/\/de.wikipedia.org\/wiki\/Joe_Bar_Team\" target=\"_blank\">Christian Debarre (<i>Bar2<\/i>) und St\u00e9phane Deteindre<\/a> so sch\u00f6n formulierten: <strong>GAAAAAAAAAAAAAAS.\u00a0<\/strong>Ich denke also fahre ich Motorrad.<\/p>\n<p>Strecke f\u00fcr Morgen ist klar, also die f\u00fcr heute quasi, und der Wetterdienst sagt auch das das was wird.<\/p>\n<p><a title=\"Tag 5 Cap Corse\" href=\"http:\/\/www.timehealsnothing.de\/blog\/?page_id=418\">Weiter mit Tag 5<\/a><\/p>\n<div class=\"sharedaddy sd-sharing-enabled\"><div class=\"robots-nocontent sd-block sd-social sd-social-icon-text sd-sharing\"><h3 class=\"sd-title\">Teilen mit:<\/h3><div class=\"sd-content\"><ul><li class=\"share-facebook\"><a rel=\"nofollow noopener noreferrer\" data-shared=\"sharing-facebook-398\" class=\"share-facebook sd-button share-icon\" href=\"http:\/\/www.timehealsnothing.de\/blog\/korsika-2013\/tag-4-theoretisch-cap-corse\/?share=facebook\" target=\"_blank\" title=\"Klick, um auf Facebook zu teilen\"><span>Facebook<\/span><\/a><\/li><li class=\"share-twitter\"><a rel=\"nofollow noopener noreferrer\" data-shared=\"sharing-twitter-398\" class=\"share-twitter sd-button share-icon\" href=\"http:\/\/www.timehealsnothing.de\/blog\/korsika-2013\/tag-4-theoretisch-cap-corse\/?share=twitter\" target=\"_blank\" title=\"Klick, um \u00fcber Twitter zu teilen\"><span>Twitter<\/span><\/a><\/li><li><a href=\"#\" class=\"sharing-anchor sd-button share-more\"><span>Mehr<\/span><\/a><\/li><li class=\"share-end\"><\/li><\/ul><div class=\"sharing-hidden\"><div class=\"inner\" style=\"display: none;\"><ul><li class=\"share-print\"><a rel=\"nofollow noopener noreferrer\" data-shared=\"\" class=\"share-print sd-button share-icon\" href=\"http:\/\/www.timehealsnothing.de\/blog\/korsika-2013\/tag-4-theoretisch-cap-corse\/\" target=\"_blank\" title=\"Klicken zum Ausdrucken\"><span>Drucken<\/span><\/a><\/li><li class=\"share-pinterest\"><a rel=\"nofollow noopener noreferrer\" data-shared=\"sharing-pinterest-398\" class=\"share-pinterest sd-button share-icon\" href=\"http:\/\/www.timehealsnothing.de\/blog\/korsika-2013\/tag-4-theoretisch-cap-corse\/?share=pinterest\" target=\"_blank\" title=\"Klick, um auf Pinterest zu teilen\"><span>Pinterest<\/span><\/a><\/li><li class=\"share-end\"><\/li><li class=\"share-end\"><\/li><\/ul><\/div><\/div><\/div><\/div><\/div>","protected":false},"excerpt":{"rendered":"<p>18.05.2013 theoretisch Stage 4 Cap Corse Tag 4 fing an mit blauem Himmel und der Aussicht Cap Corse zu erfahren(welch Wortspiel, welch geschriebenes Bonmot). Um 08:00 Uhr auf der Terrasse gehockt und in blendenden Sonnenschein ein Fr\u00fchst\u00fcck eingebaut, Sommersonne und &hellip; <a href=\"http:\/\/www.timehealsnothing.de\/blog\/korsika-2013\/tag-4-theoretisch-cap-corse\/\">Weiterlesen <span class=\"meta-nav\">&rarr;<\/span><\/a><\/p>\n<div class=\"sharedaddy sd-sharing-enabled\"><div class=\"robots-nocontent sd-block sd-social sd-social-icon-text sd-sharing\"><h3 class=\"sd-title\">Teilen mit:<\/h3><div class=\"sd-content\"><ul><li class=\"share-facebook\"><a rel=\"nofollow noopener noreferrer\" data-shared=\"sharing-facebook-398\" class=\"share-facebook sd-button share-icon\" href=\"http:\/\/www.timehealsnothing.de\/blog\/korsika-2013\/tag-4-theoretisch-cap-corse\/?share=facebook\" target=\"_blank\" title=\"Klick, um auf Facebook zu teilen\"><span>Facebook<\/span><\/a><\/li><li class=\"share-twitter\"><a rel=\"nofollow noopener noreferrer\" data-shared=\"sharing-twitter-398\" class=\"share-twitter sd-button share-icon\" href=\"http:\/\/www.timehealsnothing.de\/blog\/korsika-2013\/tag-4-theoretisch-cap-corse\/?share=twitter\" target=\"_blank\" title=\"Klick, um \u00fcber Twitter zu teilen\"><span>Twitter<\/span><\/a><\/li><li><a href=\"#\" class=\"sharing-anchor sd-button share-more\"><span>Mehr<\/span><\/a><\/li><li class=\"share-end\"><\/li><\/ul><div class=\"sharing-hidden\"><div class=\"inner\" style=\"display: none;\"><ul><li class=\"share-print\"><a rel=\"nofollow noopener noreferrer\" data-shared=\"\" class=\"share-print sd-button share-icon\" href=\"http:\/\/www.timehealsnothing.de\/blog\/korsika-2013\/tag-4-theoretisch-cap-corse\/\" target=\"_blank\" title=\"Klicken zum Ausdrucken\"><span>Drucken<\/span><\/a><\/li><li class=\"share-pinterest\"><a rel=\"nofollow noopener noreferrer\" data-shared=\"sharing-pinterest-398\" class=\"share-pinterest sd-button share-icon\" href=\"http:\/\/www.timehealsnothing.de\/blog\/korsika-2013\/tag-4-theoretisch-cap-corse\/?share=pinterest\" target=\"_blank\" title=\"Klick, um auf Pinterest zu teilen\"><span>Pinterest<\/span><\/a><\/li><li class=\"share-end\"><\/li><li class=\"share-end\"><\/li><\/ul><\/div><\/div><\/div><\/div><\/div>","protected":false},"author":1,"featured_media":474,"parent":225,"menu_order":4,"comment_status":"open","ping_status":"closed","template":"onecolumn-page.php","meta":{"ngg_post_thumbnail":0,"spay_email":""},"jetpack_shortlink":"https:\/\/wp.me\/P1CXhb-6q","jetpack_sharing_enabled":true,"jetpack_likes_enabled":true,"_links":{"self":[{"href":"http:\/\/www.timehealsnothing.de\/blog\/wp-json\/wp\/v2\/pages\/398"}],"collection":[{"href":"http:\/\/www.timehealsnothing.de\/blog\/wp-json\/wp\/v2\/pages"}],"about":[{"href":"http:\/\/www.timehealsnothing.de\/blog\/wp-json\/wp\/v2\/types\/page"}],"author":[{"embeddable":true,"href":"http:\/\/www.timehealsnothing.de\/blog\/wp-json\/wp\/v2\/users\/1"}],"replies":[{"embeddable":true,"href":"http:\/\/www.timehealsnothing.de\/blog\/wp-json\/wp\/v2\/comments?post=398"}],"version-history":[{"count":17,"href":"http:\/\/www.timehealsnothing.de\/blog\/wp-json\/wp\/v2\/pages\/398\/revisions"}],"predecessor-version":[{"id":531,"href":"http:\/\/www.timehealsnothing.de\/blog\/wp-json\/wp\/v2\/pages\/398\/revisions\/531"}],"up":[{"embeddable":true,"href":"http:\/\/www.timehealsnothing.de\/blog\/wp-json\/wp\/v2\/pages\/225"}],"wp:featuredmedia":[{"embeddable":true,"href":"http:\/\/www.timehealsnothing.de\/blog\/wp-json\/wp\/v2\/media\/474"}],"wp:attachment":[{"href":"http:\/\/www.timehealsnothing.de\/blog\/wp-json\/wp\/v2\/media?parent=398"}],"curies":[{"name":"wp","href":"https:\/\/api.w.org\/{rel}","templated":true}]}}